{"id":4272,"date":"2021-08-20T00:25:49","date_gmt":"2021-08-19T22:25:49","guid":{"rendered":"http:\/\/www.rinaldesign.de\/?page_id=4272"},"modified":"2021-08-20T21:58:39","modified_gmt":"2021-08-20T19:58:39","slug":"workshops","status":"publish","type":"page","link":"http:\/\/www.rinaldesign.de\/?page_id=4272","title":{"rendered":"WORKSHOPS"},"content":{"rendered":"\n<p style=\"text-align: center;\">Fotoworkshops &amp; Kurse<\/p>\n\n\n\n<p><\/p>\n\n\n\n<div class=\"wp-block-image\"><figure class=\"aligncenter size-large is-resized\"><img data-attachment-id=\"4370\" data-permalink=\"http:\/\/www.rinaldesign.de\/?attachment_id=4370\" data-orig-file=\"https:\/\/i0.wp.com\/www.rinaldesign.de\/wp-content\/uploads\/2021\/08\/Banner-3-scaled.jpg?fit=2560%2C854\" data-orig-size=\"2560,854\" data-comments-opened=\"0\" data-image-meta=\"{&quot;aperture&quot;:&quot;0&quot;,&quot;credit&quot;:&quot;&quot;,&quot;camera&quot;:&quot;&quot;,&quot;caption&quot;:&quot;&quot;,&quot;created_timestamp&quot;:&quot;0&quot;,&quot;copyright&quot;:&quot;&quot;,&quot;focal_length&quot;:&quot;0&quot;,&quot;iso&quot;:&quot;0&quot;,&quot;shutter_speed&quot;:&quot;0&quot;,&quot;title&quot;:&quot;&quot;,&quot;orientation&quot;:&quot;0&quot;}\" data-image-title=\"Banner\" data-image-description=\"\" data-image-caption=\"\" data-medium-file=\"https:\/\/i0.wp.com\/www.rinaldesign.de\/wp-content\/uploads\/2021\/08\/Banner-3-scaled.jpg?fit=1024%2C341\" data-large-file=\"https:\/\/i0.wp.com\/www.rinaldesign.de\/wp-content\/uploads\/2021\/08\/Banner-3-scaled.jpg?fit=640%2C213\" loading=\"lazy\" src=\"https:\/\/i0.wp.com\/www.rinaldesign.de\/wp-content\/uploads\/2021\/08\/Banner-3.jpg?resize=640%2C213\" alt=\"\" class=\"wp-image-4370\" width=\"640\" height=\"213\" srcset=\"https:\/\/i0.wp.com\/www.rinaldesign.de\/wp-content\/uploads\/2021\/08\/Banner-3-scaled.jpg?resize=1024%2C341 1024w, https:\/\/i0.wp.com\/www.rinaldesign.de\/wp-content\/uploads\/2021\/08\/Banner-3-scaled.jpg?resize=150%2C50 150w, https:\/\/i0.wp.com\/www.rinaldesign.de\/wp-content\/uploads\/2021\/08\/Banner-3-scaled.jpg?resize=1536%2C512 1536w, https:\/\/i0.wp.com\/www.rinaldesign.de\/wp-content\/uploads\/2021\/08\/Banner-3-scaled.jpg?resize=2048%2C683 2048w, https:\/\/i0.wp.com\/www.rinaldesign.de\/wp-content\/uploads\/2021\/08\/Banner-3-scaled.jpg?resize=450%2C150 450w, https:\/\/i0.wp.com\/www.rinaldesign.de\/wp-content\/uploads\/2021\/08\/Banner-3-scaled.jpg?resize=600%2C200 600w, https:\/\/i0.wp.com\/www.rinaldesign.de\/wp-content\/uploads\/2021\/08\/Banner-3-scaled.jpg?w=1280 1280w, https:\/\/i0.wp.com\/www.rinaldesign.de\/wp-content\/uploads\/2021\/08\/Banner-3-scaled.jpg?w=1920 1920w\" sizes=\"(max-width: 640px) 100vw, 640px\" data-recalc-dims=\"1\" \/><\/figure><\/div>\n\n\n\n<p style=\"text-align: center;\">Als Fototrainer der KNIPSAKADEMIE biete ich seit einigen Jahren fotografische Grundlagenkurse so wie <br \/>Nacht-Fotowalks und Smart-Fotoworkshops in Wuppertal und D\u00fcsseldorf an.<\/p>\n<p style=\"text-align: center;\">Freie Termine und eine genaue Beschreibung der verschiedenen Kursinhalte findet ihr unter:<\/p>\n\n\n\n<div id=\"https:\/\/knipsakademie.de\/wuppertal\/?tag=rr\" class=\"wp-block-image\"><figure class=\"aligncenter size-full is-resized\"><a href=\"https:\/\/knipsakademie.de\/wuppertal\/?tag=rr\" target=\"_blank\" rel=\"noopener\"><img data-attachment-id=\"4277\" data-permalink=\"http:\/\/www.rinaldesign.de\/?attachment_id=4277\" data-orig-file=\"https:\/\/i0.wp.com\/www.rinaldesign.de\/wp-content\/uploads\/2021\/08\/logo-knipsakademie.jpg?fit=150%2C60\" data-orig-size=\"150,60\" data-comments-opened=\"0\" data-image-meta=\"{&quot;aperture&quot;:&quot;0&quot;,&quot;credit&quot;:&quot;&quot;,&quot;camera&quot;:&quot;&quot;,&quot;caption&quot;:&quot;&quot;,&quot;created_timestamp&quot;:&quot;0&quot;,&quot;copyright&quot;:&quot;&quot;,&quot;focal_length&quot;:&quot;0&quot;,&quot;iso&quot;:&quot;0&quot;,&quot;shutter_speed&quot;:&quot;0&quot;,&quot;title&quot;:&quot;&quot;,&quot;orientation&quot;:&quot;0&quot;}\" data-image-title=\"logo-knipsakademie\" data-image-description=\"\" data-image-caption=\"\" data-medium-file=\"https:\/\/i0.wp.com\/www.rinaldesign.de\/wp-content\/uploads\/2021\/08\/logo-knipsakademie.jpg?fit=150%2C60\" data-large-file=\"https:\/\/i0.wp.com\/www.rinaldesign.de\/wp-content\/uploads\/2021\/08\/logo-knipsakademie.jpg?fit=150%2C60\" loading=\"lazy\" src=\"https:\/\/i0.wp.com\/www.rinaldesign.de\/wp-content\/uploads\/2021\/08\/logo-knipsakademie.jpg?resize=187%2C75\" alt=\"\" class=\"wp-image-4277\" width=\"187\" height=\"75\" data-recalc-dims=\"1\" \/><\/a><figcaption>www.knipsakademie.de<\/figcaption><\/figure><\/div>\n\n\n","protected":false},"excerpt":{"rendered":"<p>Fotoworkshops &amp; Kurse Als Fototrainer der KNIPSAKADEMIE biete ich seit [&hellip;]<\/p>\n","protected":false},"author":1,"featured_media":4273,"parent":0,"menu_order":3,"comment_status":"closed","ping_status":"closed","template":"page-fullwidth.php","meta":{"jetpack_post_was_ever_published":false},"jetpack_sharing_enabled":true,"jetpack_shortlink":"https:\/\/wp.me\/P6Js4y-16U","jetpack-related-posts":[{"id":4375,"url":"http:\/\/www.rinaldesign.de\/?page_id=4375","url_meta":{"origin":4272,"position":0},"title":"ABOUT ME","date":"20. August 2021","format":false,"excerpt":"Raffaele Rinaldi 1989 - Italien B.A. - Kommunikationsdesign und Fotografie - Hochschule D\u00fcsseldorf Freelancer f\u00fcr Fotografie und Mediendesign Senior Postproducer \/\/ Team Lead Postproduction@ simplicity_ Networks GmbH Dozent & Fototrainer@ KNIPSAKADEMIE","rel":"","context":"\u00c4hnlicher Beitrag","img":{"alt_text":"","src":"https:\/\/i0.wp.com\/www.rinaldesign.de\/wp-content\/uploads\/2022\/10\/Raffaele_Rinaldi_1-edited.jpg?resize=350%2C200","width":350,"height":200},"classes":[]},{"id":225,"url":"http:\/\/www.rinaldesign.de\/?page_id=225","url_meta":{"origin":4272,"position":1},"title":"CONTACT","date":"17. M\u00e4rz 2018","format":false,"excerpt":"Schreiben Sie mir. Haben Sie Fragen oder m\u00f6chten Sie gerne ein unverbindliches, individuelles Angebot? Dann f\u00fcllen Sie einfach das Formular aus und ich werde mich schnellstm\u00f6glich mit Ihnen in Verbindung setzen.","rel":"","context":"\u00c4hnlicher Beitrag","img":{"alt_text":"","src":"","width":0,"height":0},"classes":[]}],"_links":{"self":[{"href":"http:\/\/www.rinaldesign.de\/index.php?rest_route=\/wp\/v2\/pages\/4272"}],"collection":[{"href":"http:\/\/www.rinaldesign.de\/index.php?rest_route=\/wp\/v2\/pages"}],"about":[{"href":"http:\/\/www.rinaldesign.de\/index.php?rest_route=\/wp\/v2\/types\/page"}],"author":[{"embeddable":true,"href":"http:\/\/www.rinaldesign.de\/index.php?rest_route=\/wp\/v2\/users\/1"}],"replies":[{"embeddable":true,"href":"http:\/\/www.rinaldesign.de\/index.php?rest_route=%2Fwp%2Fv2%2Fcomments&post=4272"}],"version-history":[{"count":22,"href":"http:\/\/www.rinaldesign.de\/index.php?rest_route=\/wp\/v2\/pages\/4272\/revisions"}],"predecessor-version":[{"id":4372,"href":"http:\/\/www.rinaldesign.de\/index.php?rest_route=\/wp\/v2\/pages\/4272\/revisions\/4372"}],"wp:featuredmedia":[{"embeddable":true,"href":"http:\/\/www.rinaldesign.de\/index.php?rest_route=\/wp\/v2\/media\/4273"}],"wp:attachment":[{"href":"http:\/\/www.rinaldesign.de\/index.php?rest_route=%2Fwp%2Fv2%2Fmedia&parent=4272"}],"curies":[{"name":"wp","href":"https:\/\/api.w.org\/{rel}","templated":true}]}}